{"id":33,"date":"2023-11-01T17:12:47","date_gmt":"2023-11-01T16:12:47","guid":{"rendered":"https:\/\/kt-case-arte.com\/?page_id=33"},"modified":"2024-01-13T12:31:25","modified_gmt":"2024-01-13T11:31:25","slug":"meubles-decoration_interieur-klaudia_tereszkiewicz-mobilier-decoration_picturale-methodes_et_materiaux_naturels-84-vaucluse-restauration-techniques_case_arte","status":"publish","type":"page","link":"https:\/\/kt-case-arte.com\/index.php\/meubles-decoration_interieur-klaudia_tereszkiewicz-mobilier-decoration_picturale-methodes_et_materiaux_naturels-84-vaucluse-restauration-techniques_case_arte\/","title":{"rendered":"Mobilier"},"content":{"rendered":"\n\n","protected":false},"excerpt":{"rendered":"","protected":false},"author":1,"featured_media":0,"parent":0,"menu_order":0,"comment_status":"closed","ping_status":"closed","template":"full-width","meta":{"saved_in_kubio":true,"footnotes":""},"kubio_ai_page_context":{"short_desc":"","purpose":"general"},"yoast_head":"<!-- This site is optimized with the Yoast SEO plugin v21.7 - https:\/\/yoast.com\/wordpress\/plugins\/seo\/ -->\n<title>Mobillier - Case Arte<\/title>\n<meta name=\"description\" content=\"Mobilier Case Arte. Klaudia Tereszkiewicz, peintre en d\u00e9cor, restauration de mobiliers, d\u00e9coration int\u00e9rieur. 84 Vaucluse\" \/>\n<meta name=\"robots\" content=\"index, follow, max-snippet:-1, max-image-preview:large, max-video-preview:-1\" \/>\n<link rel=\"canonical\" href=\"https:\/\/kt-case-arte.com\/index.php\/meubles-decoration_interieur-klaudia_tereszkiewicz-mobilier-decoration_picturale-methodes_et_materiaux_naturels-84-vaucluse-restauration-techniques_case_arte\/\" \/>\n<meta property=\"og:locale\" content=\"en_US\" \/>\n<meta property=\"og:type\" content=\"article\" \/>\n<meta property=\"og:title\" content=\"Mobillier - Case Arte\" \/>\n<meta property=\"og:description\" content=\"Mobilier Case Arte. Klaudia Tereszkiewicz, peintre en d\u00e9cor, restauration de mobiliers, d\u00e9coration int\u00e9rieur. 84 Vaucluse\" \/>\n<meta property=\"og:url\" content=\"https:\/\/kt-case-arte.com\/index.php\/meubles-decoration_interieur-klaudia_tereszkiewicz-mobilier-decoration_picturale-methodes_et_materiaux_naturels-84-vaucluse-restauration-techniques_case_arte\/\" \/>\n<meta property=\"og:site_name\" content=\"Case arte\" \/>\n<meta property=\"article:publisher\" content=\"https:\/\/www.facebook.com\/profile.php?id=100073390455551\" \/>\n<meta property=\"article:modified_time\" content=\"2024-01-13T11:31:25+00:00\" \/>\n<meta property=\"og:image\" content=\"http:\/\/kt-case-arte.com\/wp-content\/uploads\/2023\/12\/IMG_5309-edited-780x1024.jpg\" \/>\n<meta name=\"twitter:card\" content=\"summary_large_image\" \/>\n<meta name=\"twitter:label1\" content=\"Est. reading time\" \/>\n\t<meta name=\"twitter:data1\" content=\"2 minutes\" \/>\n<script type=\"application\/ld+json\" class=\"yoast-schema-graph\">{\"@context\":\"https:\/\/schema.org\",\"@graph\":[{\"@type\":\"WebPage\",\"@id\":\"https:\/\/kt-case-arte.com\/index.php\/meubles-decoration_interieur-klaudia_tereszkiewicz-mobilier-decoration_picturale-methodes_et_materiaux_naturels-84-vaucluse-restauration-techniques_case_arte\/\",\"url\":\"https:\/\/kt-case-arte.com\/index.php\/meubles-decoration_interieur-klaudia_tereszkiewicz-mobilier-decoration_picturale-methodes_et_materiaux_naturels-84-vaucluse-restauration-techniques_case_arte\/\",\"name\":\"Mobillier - Case Arte\",\"isPartOf\":{\"@id\":\"https:\/\/kt-case-arte.com\/#website\"},\"datePublished\":\"2023-11-01T16:12:47+00:00\",\"dateModified\":\"2024-01-13T11:31:25+00:00\",\"description\":\"Mobilier Case Arte. Klaudia Tereszkiewicz, peintre en d\u00e9cor, restauration de mobiliers, d\u00e9coration int\u00e9rieur. 84 Vaucluse\",\"breadcrumb\":{\"@id\":\"https:\/\/kt-case-arte.com\/index.php\/meubles-decoration_interieur-klaudia_tereszkiewicz-mobilier-decoration_picturale-methodes_et_materiaux_naturels-84-vaucluse-restauration-techniques_case_arte\/#breadcrumb\"},\"inLanguage\":\"en-US\",\"potentialAction\":[{\"@type\":\"ReadAction\",\"target\":[\"https:\/\/kt-case-arte.com\/index.php\/meubles-decoration_interieur-klaudia_tereszkiewicz-mobilier-decoration_picturale-methodes_et_materiaux_naturels-84-vaucluse-restauration-techniques_case_arte\/\"]}]},{\"@type\":\"BreadcrumbList\",\"@id\":\"https:\/\/kt-case-arte.com\/index.php\/meubles-decoration_interieur-klaudia_tereszkiewicz-mobilier-decoration_picturale-methodes_et_materiaux_naturels-84-vaucluse-restauration-techniques_case_arte\/#breadcrumb\",\"itemListElement\":[{\"@type\":\"ListItem\",\"position\":1,\"name\":\"Accueil\",\"item\":\"https:\/\/kt-case-arte.com\/\"},{\"@type\":\"ListItem\",\"position\":2,\"name\":\"Mobilier\"}]},{\"@type\":\"WebSite\",\"@id\":\"https:\/\/kt-case-arte.com\/#website\",\"url\":\"https:\/\/kt-case-arte.com\/\",\"name\":\"Case arte Klaudia Tereszkiewicz\",\"description\":\"Un site utilisant WordPress\",\"publisher\":{\"@id\":\"https:\/\/kt-case-arte.com\/#organization\"},\"potentialAction\":[{\"@type\":\"SearchAction\",\"target\":{\"@type\":\"EntryPoint\",\"urlTemplate\":\"https:\/\/kt-case-arte.com\/?s={search_term_string}\"},\"query-input\":\"required name=search_term_string\"}],\"inLanguage\":\"en-US\"},{\"@type\":\"Organization\",\"@id\":\"https:\/\/kt-case-arte.com\/#organization\",\"name\":\"Case arte Klaudia Tereszkiewicz\",\"url\":\"https:\/\/kt-case-arte.com\/\",\"logo\":{\"@type\":\"ImageObject\",\"inLanguage\":\"en-US\",\"@id\":\"https:\/\/kt-case-arte.com\/#\/schema\/logo\/image\/\",\"url\":\"https:\/\/kt-case-arte.com\/wp-content\/uploads\/2023\/12\/Logo-Camee-K-150.png\",\"contentUrl\":\"https:\/\/kt-case-arte.com\/wp-content\/uploads\/2023\/12\/Logo-Camee-K-150.png\",\"width\":1181,\"height\":875,\"caption\":\"Case arte Klaudia Tereszkiewicz\"},\"image\":{\"@id\":\"https:\/\/kt-case-arte.com\/#\/schema\/logo\/image\/\"},\"sameAs\":[\"https:\/\/www.facebook.com\/profile.php?id=100073390455551\",\"https:\/\/www.instagram.com\/kl.audia8869\/\"]}]}<\/script>\n<!-- \/ Yoast SEO plugin. -->","yoast_head_json":{"title":"Mobillier - Case Arte","description":"Mobilier Case Arte. Klaudia Tereszkiewicz, peintre en d\u00e9cor, restauration de mobiliers, d\u00e9coration int\u00e9rieur. 84 Vaucluse","robots":{"index":"index","follow":"follow","max-snippet":"max-snippet:-1","max-image-preview":"max-image-preview:large","max-video-preview":"max-video-preview:-1"},"canonical":"https:\/\/kt-case-arte.com\/index.php\/meubles-decoration_interieur-klaudia_tereszkiewicz-mobilier-decoration_picturale-methodes_et_materiaux_naturels-84-vaucluse-restauration-techniques_case_arte\/","og_locale":"en_US","og_type":"article","og_title":"Mobillier - Case Arte","og_description":"Mobilier Case Arte. Klaudia Tereszkiewicz, peintre en d\u00e9cor, restauration de mobiliers, d\u00e9coration int\u00e9rieur. 84 Vaucluse","og_url":"https:\/\/kt-case-arte.com\/index.php\/meubles-decoration_interieur-klaudia_tereszkiewicz-mobilier-decoration_picturale-methodes_et_materiaux_naturels-84-vaucluse-restauration-techniques_case_arte\/","og_site_name":"Case arte","article_publisher":"https:\/\/www.facebook.com\/profile.php?id=100073390455551","article_modified_time":"2024-01-13T11:31:25+00:00","og_image":[{"url":"http:\/\/kt-case-arte.com\/wp-content\/uploads\/2023\/12\/IMG_5309-edited-780x1024.jpg"}],"twitter_card":"summary_large_image","twitter_misc":{"Est. reading time":"2 minutes"},"schema":{"@context":"https:\/\/schema.org","@graph":[{"@type":"WebPage","@id":"https:\/\/kt-case-arte.com\/index.php\/meubles-decoration_interieur-klaudia_tereszkiewicz-mobilier-decoration_picturale-methodes_et_materiaux_naturels-84-vaucluse-restauration-techniques_case_arte\/","url":"https:\/\/kt-case-arte.com\/index.php\/meubles-decoration_interieur-klaudia_tereszkiewicz-mobilier-decoration_picturale-methodes_et_materiaux_naturels-84-vaucluse-restauration-techniques_case_arte\/","name":"Mobillier - Case Arte","isPartOf":{"@id":"https:\/\/kt-case-arte.com\/#website"},"datePublished":"2023-11-01T16:12:47+00:00","dateModified":"2024-01-13T11:31:25+00:00","description":"Mobilier Case Arte. Klaudia Tereszkiewicz, peintre en d\u00e9cor, restauration de mobiliers, d\u00e9coration int\u00e9rieur. 84 Vaucluse","breadcrumb":{"@id":"https:\/\/kt-case-arte.com\/index.php\/meubles-decoration_interieur-klaudia_tereszkiewicz-mobilier-decoration_picturale-methodes_et_materiaux_naturels-84-vaucluse-restauration-techniques_case_arte\/#breadcrumb"},"inLanguage":"en-US","potentialAction":[{"@type":"ReadAction","target":["https:\/\/kt-case-arte.com\/index.php\/meubles-decoration_interieur-klaudia_tereszkiewicz-mobilier-decoration_picturale-methodes_et_materiaux_naturels-84-vaucluse-restauration-techniques_case_arte\/"]}]},{"@type":"BreadcrumbList","@id":"https:\/\/kt-case-arte.com\/index.php\/meubles-decoration_interieur-klaudia_tereszkiewicz-mobilier-decoration_picturale-methodes_et_materiaux_naturels-84-vaucluse-restauration-techniques_case_arte\/#breadcrumb","itemListElement":[{"@type":"ListItem","position":1,"name":"Accueil","item":"https:\/\/kt-case-arte.com\/"},{"@type":"ListItem","position":2,"name":"Mobilier"}]},{"@type":"WebSite","@id":"https:\/\/kt-case-arte.com\/#website","url":"https:\/\/kt-case-arte.com\/","name":"Case arte Klaudia Tereszkiewicz","description":"Un site utilisant WordPress","publisher":{"@id":"https:\/\/kt-case-arte.com\/#organization"},"potentialAction":[{"@type":"SearchAction","target":{"@type":"EntryPoint","urlTemplate":"https:\/\/kt-case-arte.com\/?s={search_term_string}"},"query-input":"required name=search_term_string"}],"inLanguage":"en-US"},{"@type":"Organization","@id":"https:\/\/kt-case-arte.com\/#organization","name":"Case arte Klaudia Tereszkiewicz","url":"https:\/\/kt-case-arte.com\/","logo":{"@type":"ImageObject","inLanguage":"en-US","@id":"https:\/\/kt-case-arte.com\/#\/schema\/logo\/image\/","url":"https:\/\/kt-case-arte.com\/wp-content\/uploads\/2023\/12\/Logo-Camee-K-150.png","contentUrl":"https:\/\/kt-case-arte.com\/wp-content\/uploads\/2023\/12\/Logo-Camee-K-150.png","width":1181,"height":875,"caption":"Case arte Klaudia Tereszkiewicz"},"image":{"@id":"https:\/\/kt-case-arte.com\/#\/schema\/logo\/image\/"},"sameAs":["https:\/\/www.facebook.com\/profile.php?id=100073390455551","https:\/\/www.instagram.com\/kl.audia8869\/"]}]}},"_links":{"self":[{"href":"https:\/\/kt-case-arte.com\/index.php\/wp-json\/wp\/v2\/pages\/33"}],"collection":[{"href":"https:\/\/kt-case-arte.com\/index.php\/wp-json\/wp\/v2\/pages"}],"about":[{"href":"https:\/\/kt-case-arte.com\/index.php\/wp-json\/wp\/v2\/types\/page"}],"author":[{"embeddable":true,"href":"https:\/\/kt-case-arte.com\/index.php\/wp-json\/wp\/v2\/users\/1"}],"replies":[{"embeddable":true,"href":"https:\/\/kt-case-arte.com\/index.php\/wp-json\/wp\/v2\/comments?post=33"}],"version-history":[{"count":51,"href":"https:\/\/kt-case-arte.com\/index.php\/wp-json\/wp\/v2\/pages\/33\/revisions"}],"predecessor-version":[{"id":519,"href":"https:\/\/kt-case-arte.com\/index.php\/wp-json\/wp\/v2\/pages\/33\/revisions\/519"}],"wp:attachment":[{"href":"https:\/\/kt-case-arte.com\/index.php\/wp-json\/wp\/v2\/media?parent=33"}],"curies":[{"name":"wp","href":"https:\/\/api.w.org\/{rel}","templated":true}]}}